[INFO] cloning repository https://github.com/yuriks/NoiseRay-rs
[INFO] running `Command { std: "git" "-c" "credential.helper=" "-c" "credential.helper=/workspace/cargo-home/bin/git-credential-null" "clone" "--bare" "https://github.com/yuriks/NoiseRay-rs" "/workspace/cache/git-repos/https%3A%2F%2Fgithub.com%2Fyuriks%2FNoiseRay-rs", kill_on_drop: false }`
[INFO] [stderr] Cloning into bare repository '/workspace/cache/git-repos/https%3A%2F%2Fgithub.com%2Fyuriks%2FNoiseRay-rs'...
[INFO] running `Command { std: "git" "rev-parse" "HEAD", kill_on_drop: false }`
[INFO] [stdout] 77580d472c0df0af90ab171c94c162520cc9d99d
[INFO] checking yuriks/NoiseRay-rs against try#72f88fc4e9458f89516a0b8b0868f3718aec5b47 for pr-74989
[INFO] running `Command { std: "git" "clone" "/workspace/cache/git-repos/https%3A%2F%2Fgithub.com%2Fyuriks%2FNoiseRay-rs" "/workspace/builds/worker-1/source", kill_on_drop: false }`
[INFO] [stderr] Cloning into '/workspace/builds/worker-1/source'...
[INFO] [stderr] done.
[INFO] validating manifest of git repo https://github.com/yuriks/NoiseRay-rs on toolchain 72f88fc4e9458f89516a0b8b0868f3718aec5b47
[INFO] running `Command { std: "/workspace/cargo-home/bin/cargo" "+72f88fc4e9458f89516a0b8b0868f3718aec5b47" "read-manifest" "--manifest-path" "Cargo.toml", kill_on_drop: false }`
[INFO] started tweaking git repo https://github.com/yuriks/NoiseRay-rs
[INFO] finished tweaking git repo https://github.com/yuriks/NoiseRay-rs
[INFO] tweaked toml for git repo https://github.com/yuriks/NoiseRay-rs written to /workspace/builds/worker-1/source/Cargo.toml
[INFO] crate git repo https://github.com/yuriks/NoiseRay-rs already has a lockfile, it will not be regenerated
[INFO] running `Command { std: "/workspace/cargo-home/bin/cargo" "+72f88fc4e9458f89516a0b8b0868f3718aec5b47" "fetch" "--locked" "--manifest-path" "Cargo.toml", kill_on_drop: false }`
[INFO] [stderr] error: the lock file /workspace/builds/worker-1/source/Cargo.lock needs to be updated but --locked was passed to prevent this
[INFO] [stderr] If you want to try to generate the lock file without accessing the network, use the --offline flag.
[INFO] the lockfile is outdated, regenerating it
[INFO] running `Command { std: "/workspace/cargo-home/bin/cargo" "+72f88fc4e9458f89516a0b8b0868f3718aec5b47" "generate-lockfile" "--manifest-path" "Cargo.toml" "-Zno-index-update", kill_on_drop: false }`
[INFO] running `Command { std: "/workspace/cargo-home/bin/cargo" "+72f88fc4e9458f89516a0b8b0868f3718aec5b47" "fetch" "--locked" "--manifest-path" "Cargo.toml", kill_on_drop: false }`
[INFO] [stderr]  Downloading crates ...
[INFO] [stderr]   Downloaded rand_distr v0.2.2
[INFO] [stderr]   Downloaded simba v0.2.0
[INFO] [stderr]   Downloaded nalgebra v0.22.0
[INFO] running `Command { std: "docker" "create" "-v" "/var/lib/crater-agent-workspace/builds/worker-1/target:/opt/rustwide/target:rw,Z" "-v" "/var/lib/crater-agent-workspace/builds/worker-1/source:/opt/rustwide/workdir:ro,Z" "-v" "/var/lib/crater-agent-workspace/cargo-home:/opt/rustwide/cargo-home:ro,Z" "-v" "/var/lib/crater-agent-workspace/rustup-home:/opt/rustwide/rustup-home:ro,Z" "-e" "SOURCE_DIR=/opt/rustwide/workdir" "-e" "CARGO_TARGET_DIR=/opt/rustwide/target" "-e" "CARGO_HOME=/opt/rustwide/cargo-home" "-e" "RUSTUP_HOME=/opt/rustwide/rustup-home" "-w" "/opt/rustwide/workdir" "-m" "1610612736" "--user" "0:0" "--network" "none" "rustops/crates-build-env@sha256:d92eaeed33fa75130ca1ee6c8a01d1ffb62bac859dfdfb3450e3e5d1c0146529" "/opt/rustwide/cargo-home/bin/cargo" "+72f88fc4e9458f89516a0b8b0868f3718aec5b47" "metadata" "--no-deps" "--format-version=1", kill_on_drop: false }`
[INFO] [stdout] 01f56a97c7a9ae1da7921f06e75f6d0617fc159a9ea4ffda8e52f634ee21d5e1
[INFO] [stderr] WARNING: Your kernel does not support swap limit capabilities or the cgroup is not mounted. Memory limited without swap.
[INFO] running `Command { std: "docker" "start" "-a" "01f56a97c7a9ae1da7921f06e75f6d0617fc159a9ea4ffda8e52f634ee21d5e1", kill_on_drop: false }`
[INFO] running `Command { std: "docker" "inspect" "01f56a97c7a9ae1da7921f06e75f6d0617fc159a9ea4ffda8e52f634ee21d5e1", kill_on_drop: false }`
[INFO] running `Command { std: "docker" "rm" "-f" "01f56a97c7a9ae1da7921f06e75f6d0617fc159a9ea4ffda8e52f634ee21d5e1", kill_on_drop: false }`
[INFO] [stdout] 01f56a97c7a9ae1da7921f06e75f6d0617fc159a9ea4ffda8e52f634ee21d5e1
[INFO] running `Command { std: "docker" "create" "-v" "/var/lib/crater-agent-workspace/builds/worker-1/target:/opt/rustwide/target:rw,Z" "-v" "/var/lib/crater-agent-workspace/builds/worker-1/source:/opt/rustwide/workdir:ro,Z" "-v" "/var/lib/crater-agent-workspace/cargo-home:/opt/rustwide/cargo-home:ro,Z" "-v" "/var/lib/crater-agent-workspace/rustup-home:/opt/rustwide/rustup-home:ro,Z" "-e" "SOURCE_DIR=/opt/rustwide/workdir" "-e" "CARGO_TARGET_DIR=/opt/rustwide/target" "-e" "CARGO_INCREMENTAL=0" "-e" "RUST_BACKTRACE=full" "-e" "RUSTFLAGS=--cap-lints=forbid" "-e" "CARGO_HOME=/opt/rustwide/cargo-home" "-e" "RUSTUP_HOME=/opt/rustwide/rustup-home" "-w" "/opt/rustwide/workdir" "-m" "1610612736" "--user" "0:0" "--network" "none" "rustops/crates-build-env@sha256:d92eaeed33fa75130ca1ee6c8a01d1ffb62bac859dfdfb3450e3e5d1c0146529" "/opt/rustwide/cargo-home/bin/cargo" "+72f88fc4e9458f89516a0b8b0868f3718aec5b47" "check" "--frozen" "--all" "--all-targets" "--message-format=json", kill_on_drop: false }`
[INFO] [stderr] WARNING: Your kernel does not support swap limit capabilities or the cgroup is not mounted. Memory limited without swap.
[INFO] [stdout] 2fa4ca9418866de7b7835821d34a996dc38b89ecd088fa7e09193ea1f1ea8062
[INFO] running `Command { std: "docker" "start" "-a" "2fa4ca9418866de7b7835821d34a996dc38b89ecd088fa7e09193ea1f1ea8062", kill_on_drop: false }`
[INFO] [stderr]     Checking cfg-if v0.1.10
[INFO] [stderr]    Compiling libc v0.2.77
[INFO] [stderr]    Compiling maybe-uninit v2.0.0
[INFO] [stderr]     Checking lazy_static v1.4.0
[INFO] [stderr]    Compiling byteorder v1.3.4
[INFO] [stderr]    Compiling getrandom v0.1.15
[INFO] [stderr]     Checking scopeguard v1.1.0
[INFO] [stderr]    Compiling crc32fast v1.2.0
[INFO] [stderr]    Compiling bitflags v1.2.1
[INFO] [stderr]     Checking ppv-lite86 v0.2.9
[INFO] [stderr]     Checking lzw v0.10.0
[INFO] [stderr]     Checking color_quant v1.0.1
[INFO] [stderr]     Checking rawpointer v0.2.1
[INFO] [stderr]     Checking bytemuck v1.4.1
[INFO] [stderr]     Checking scoped_threadpool v0.1.9
[INFO] [stderr]    Compiling num-traits v0.2.12
[INFO] [stderr]    Compiling num-integer v0.1.43
[INFO] [stderr]    Compiling crossbeam-utils v0.7.2
[INFO] [stderr]    Compiling memoffset v0.5.5
[INFO] [stderr]    Compiling crossbeam-epoch v0.8.2
[INFO] [stderr]    Compiling num-bigint v0.3.0
[INFO] [stderr]    Compiling num-rational v0.3.0
[INFO] [stderr]    Compiling num-complex v0.2.4
[INFO] [stderr]    Compiling rayon v1.4.0
[INFO] [stderr]    Compiling num-iter v0.1.41
[INFO] [stderr]    Compiling num-rational v0.2.4
[INFO] [stderr]    Compiling paste-impl v0.1.18
[INFO] [stderr]     Checking itertools v0.9.0
[INFO] [stderr]     Checking matrixmultiply v0.2.3
[INFO] [stderr]     Checking gif v0.10.3
[INFO] [stderr]     Checking generic-array v0.13.2
[INFO] [stderr]     Checking paste v0.1.18
[INFO] [stderr]     Checking crossbeam-channel v0.4.4
[INFO] [stderr]     Checking deflate v0.8.6
[INFO] [stderr]     Checking tiff v0.5.0
[INFO] [stderr]     Checking num_cpus v1.13.0
[INFO] [stderr]     Checking crossbeam-deque v0.7.3
[INFO] [stderr]     Checking rand_core v0.5.1
[INFO] [stderr]     Checking rand_chacha v0.2.2
[INFO] [stderr]     Checking png v0.16.7
[INFO] [stderr]     Checking rayon-core v1.8.0
[INFO] [stderr]     Checking approx v0.3.2
[INFO] [stderr]     Checking num-complex v0.3.0
[INFO] [stderr]     Checking rand v0.7.3
[INFO] [stderr]     Checking simba v0.2.0
[INFO] [stderr]     Checking rand_distr v0.2.2
[INFO] [stderr]     Checking nalgebra v0.22.0
[INFO] [stderr]     Checking num v0.3.0
[INFO] [stderr]     Checking jpeg-decoder v0.1.20
[INFO] [stderr]     Checking image v0.23.9
[INFO] [stderr]     Checking NoiseRay v0.1.0 (/opt/rustwide/workdir)
[INFO] [stdout] error[E0432]: unresolved imports `nalgebra::Vec2`, `nalgebra::Vec3`, `nalgebra::Pnt3`, `nalgebra::Rot3`, `nalgebra::Iso3`
[INFO] [stdout]   --> src/main.rs:14:16
[INFO] [stdout]    |
[INFO] [stdout] 14 | use nalgebra::{Vec2, Vec3, Pnt3, Rot3, Iso3};
[INFO] [stdout]    |                ^^^^  ^^^^  ^^^^  ^^^^  ^^^^ no `Iso3` in the root
[INFO] [stdout]    |                |     |     |     |
[INFO] [stdout]    |                |     |     |     no `Rot3` in the root
[INFO] [stdout]    |                |     |     no `Pnt3` in the root
[INFO] [stdout]    |                |     no `Vec3` in the root
[INFO] [stdout]    |                no `Vec2` in the root
[INFO] [stdout] 
[INFO] [stdout] 
[INFO] [stdout] error[E0432]: unresolved imports `nalgebra::Rotate`, `nalgebra::Orig`
[INFO] [stdout]   --> src/main.rs:15:27
[INFO] [stdout]    |
[INFO] [stdout] 15 | use nalgebra::{Transform, Rotate, Norm, Orig};
[INFO] [stdout]    |                           ^^^^^^        ^^^^ no `Orig` in the root
[INFO] [stdout]    |                           |
[INFO] [stdout]    |                           no `Rotate` in the root
[INFO] [stdout] 
[INFO] [stdout] 
[INFO] [stdout] error[E0432]: unresolved import `nalgebra::dot`
[INFO] [stdout]   --> src/main.rs:16:16
[INFO] [stdout]    |
[INFO] [stdout] 16 | use nalgebra::{dot};
[INFO] [stdout]    |                ^^^ no `dot` in the root
[INFO] [stdout] 
[INFO] [stdout] 
[INFO] [stdout] error[E0432]: unresolved import `std::f32::consts::PI_2`
[INFO] [stdout]   --> src/main.rs:18:28
[INFO] [stdout]    |
[INFO] [stdout] 18 | use std::f32::consts::{PI, PI_2};
[INFO] [stdout]    |                            ^^^^ no `PI_2` in `f32::consts`
[INFO] [stdout] 
[INFO] [stdout] 
[INFO] [stdout] error[E0407]: method `next_u32` is not a member of trait `StdRng`
[INFO] [stdout]   --> src/rng.rs:30:5
[INFO] [stdout]    |
[INFO] [stdout] 30 | /     fn next_u32(&mut self) -> u32 {
[INFO] [stdout] 31 | |         self.next_u64() as u32
[INFO] [stdout] 32 | |     }
[INFO] [stdout]    | |_____^ not a member of trait `StdRng`
[INFO] [stdout] 
[INFO] [stdout] 
[INFO] [stdout] error[E0432]: unresolved imports `nalgebra::Vec2`, `nalgebra::Vec3`, `nalgebra::Pnt3`, `nalgebra::Rot3`, `nalgebra::Iso3`
[INFO] [stdout]   --> src/main.rs:14:16
[INFO] [stdout]    |
[INFO] [stdout] 14 | use nalgebra::{Vec2, Vec3, Pnt3, Rot3, Iso3};
[INFO] [stdout]    |                ^^^^  ^^^^  ^^^^  ^^^^  ^^^^ no `Iso3` in the root
[INFO] [stdout]    |                |     |     |     |
[INFO] [stdout]    |                |     |     |     no `Rot3` in the root
[INFO] [stdout]    |                |     |     no `Pnt3` in the root
[INFO] [stdout]    |                |     no `Vec3` in the root
[INFO] [stdout]    |                no `Vec2` in the root
[INFO] [stdout] 
[INFO] [stdout] 
[INFO] [stdout] error[E0407]: method `next_u64` is not a member of trait `StdRng`
[INFO] [stdout]   --> src/rng.rs:35:5
[INFO] [stdout]    |
[INFO] [stdout] 35 | /     fn next_u64(&mut self) -> u64 {
[INFO] [stdout] 36 | |         let mut s0 = self.s[self.p];
[INFO] [stdout] 37 | |         self.p = (self.p + 1) % 16;
[INFO] [stdout] 38 | |         let mut s1 = self.s[self.p];
[INFO] [stdout] ...  |
[INFO] [stdout] 43 | |         return self.s[self.p] * 1181783497276652981;
[INFO] [stdout] 44 | |     }
[INFO] [stdout]    | |_____^ not a member of trait `StdRng`
[INFO] [stdout] 
[INFO] [stdout] 
[INFO] [stdout] error[E0407]: method `reseed` is not a member of trait `SeedableRng`
[INFO] [stdout]   --> src/rng.rs:49:5
[INFO] [stdout]    |
[INFO] [stdout] 49 | /     fn reseed(&mut self, seed: [u64; 16]) {
[INFO] [stdout] 50 | |         self.s = seed;
[INFO] [stdout] 51 | |         self.p = 0;
[INFO] [stdout] 52 | |     }
[INFO] [stdout]    | |_____^ not a member of trait `SeedableRng`
[INFO] [stdout] 
[INFO] [stdout] 
[INFO] [stdout] error[E0432]: unresolved imports `nalgebra::Rotate`, `nalgebra::Orig`
[INFO] [stdout]   --> src/main.rs:15:27
[INFO] [stdout]    |
[INFO] [stdout] 15 | use nalgebra::{Transform, Rotate, Norm, Orig};
[INFO] [stdout]    |                           ^^^^^^        ^^^^ no `Orig` in the root
[INFO] [stdout]    |                           |
[INFO] [stdout]    |                           no `Rotate` in the root
[INFO] [stdout] 
[INFO] [stdout] 
[INFO] [stdout] error[E0432]: unresolved import `nalgebra::dot`
[INFO] [stdout]   --> src/main.rs:16:16
[INFO] [stdout]    |
[INFO] [stdout] 16 | use nalgebra::{dot};
[INFO] [stdout]    |                ^^^ no `dot` in the root
[INFO] [stdout] 
[INFO] [stdout] 
[INFO] [stdout] error[E0432]: unresolved import `std::f32::consts::PI_2`
[INFO] [stdout]   --> src/main.rs:18:28
[INFO] [stdout]    |
[INFO] [stdout] 18 | use std::f32::consts::{PI, PI_2};
[INFO] [stdout]    |                            ^^^^ no `PI_2` in `f32::consts`
[INFO] [stdout] 
[INFO] [stdout] 
[INFO] [stdout] error[E0407]: method `next_u32` is not a member of trait `StdRng`
[INFO] [stdout]   --> src/rng.rs:30:5
[INFO] [stdout]    |
[INFO] [stdout] 30 | /     fn next_u32(&mut self) -> u32 {
[INFO] [stdout] 31 | |         self.next_u64() as u32
[INFO] [stdout] 32 | |     }
[INFO] [stdout]    | |_____^ not a member of trait `StdRng`
[INFO] [stdout] 
[INFO] [stdout] 
[INFO] [stdout] error[E0407]: method `next_u64` is not a member of trait `StdRng`
[INFO] [stdout]   --> src/rng.rs:35:5
[INFO] [stdout]    |
[INFO] [stdout] 35 | /     fn next_u64(&mut self) -> u64 {
[INFO] [stdout] 36 | |         let mut s0 = self.s[self.p];
[INFO] [stdout] 37 | |         self.p = (self.p + 1) % 16;
[INFO] [stdout] 38 | |         let mut s1 = self.s[self.p];
[INFO] [stdout] ...  |
[INFO] [stdout] 43 | |         return self.s[self.p] * 1181783497276652981;
[INFO] [stdout] 44 | |     }
[INFO] [stdout]    | |_____^ not a member of trait `StdRng`
[INFO] [stdout] 
[INFO] [stdout] 
[INFO] [stdout] error[E0407]: method `reseed` is not a member of trait `SeedableRng`
[INFO] [stdout]   --> src/rng.rs:49:5
[INFO] [stdout]    |
[INFO] [stdout] 49 | /     fn reseed(&mut self, seed: [u64; 16]) {
[INFO] [stdout] 50 | |         self.s = seed;
[INFO] [stdout] 51 | |         self.p = 0;
[INFO] [stdout] 52 | |     }
[INFO] [stdout]    | |_____^ not a member of trait `SeedableRng`
[INFO] [stdout] 
[INFO] [stdout] 
[INFO] [stdout] error[E0404]: expected trait, found struct `nalgebra::Transform`
[INFO] [stdout]   --> src/main.rs:32:6
[INFO] [stdout]    |
[INFO] [stdout] 32 | impl nalgebra::Transform<Ray> for Iso3<f32> {
[INFO] [stdout]    |      ^^^^^^^^^^^^^^^^^^^^^^^^ not a trait
[INFO] [stdout] 
[INFO] [stdout] 
[INFO] [stdout] error[E0404]: expected trait, found struct `nalgebra::Transform`
[INFO] [stdout]   --> src/main.rs:32:6
[INFO] [stdout]    |
[INFO] [stdout] 32 | impl nalgebra::Transform<Ray> for Iso3<f32> {
[INFO] [stdout]    |      ^^^^^^^^^^^^^^^^^^^^^^^^ not a trait
[INFO] [stdout] 
[INFO] [stdout] 
[INFO] [stdout] warning: unused imports: `Norm`, `Transform`
[INFO] [stdout]   --> src/main.rs:15:16
[INFO] [stdout]    |
[INFO] [stdout] 15 | use nalgebra::{Transform, Rotate, Norm, Orig};
[INFO] [stdout]    |                ^^^^^^^^^          ^^^^
[INFO] [stdout]    |
[INFO] [stdout]    = note: `#[warn(unused_imports)]` on by default
[INFO] [stdout] 
[INFO] [stdout] 
[INFO] [stdout] warning: unused imports: `One`, `Zero`
[INFO] [stdout]   --> src/main.rs:17:19
[INFO] [stdout]    |
[INFO] [stdout] 17 | use num::traits::{Zero, One};
[INFO] [stdout]    |                   ^^^^  ^^^
[INFO] [stdout] 
[INFO] [stdout] 
[INFO] [stdout] warning: trait objects without an explicit `dyn` are deprecated
[INFO] [stdout]   --> src/main.rs:95:16
[INFO] [stdout]    |
[INFO] [stdout] 95 |     shape: Box<SceneShape>
[INFO] [stdout]    |                ^^^^^^^^^^ help: use `dyn`: `dyn SceneShape`
[INFO] [stdout]    |
[INFO] [stdout]    = note: `#[warn(bare_trait_objects)]` on by default
[INFO] [stdout] 
[INFO] [stdout] 
[INFO] [stdout] warning: unused imports: `Norm`, `Transform`
[INFO] [stdout]   --> src/main.rs:15:16
[INFO] [stdout]    |
[INFO] [stdout] 15 | use nalgebra::{Transform, Rotate, Norm, Orig};
[INFO] [stdout]    |                ^^^^^^^^^          ^^^^
[INFO] [stdout]    |
[INFO] [stdout]    = note: `#[warn(unused_imports)]` on by default
[INFO] [stdout] 
[INFO] [stdout] 
[INFO] [stdout] warning: unused imports: `One`, `Zero`
[INFO] [stdout]   --> src/main.rs:17:19
[INFO] [stdout]    |
[INFO] [stdout] 17 | use num::traits::{Zero, One};
[INFO] [stdout]    |                   ^^^^  ^^^
[INFO] [stdout] 
[INFO] [stdout] 
[INFO] [stdout] warning: trait objects without an explicit `dyn` are deprecated
[INFO] [stdout]   --> src/main.rs:95:16
[INFO] [stdout]    |
[INFO] [stdout] 95 |     shape: Box<SceneShape>
[INFO] [stdout]    |                ^^^^^^^^^^ help: use `dyn`: `dyn SceneShape`
[INFO] [stdout]    |
[INFO] [stdout]    = note: `#[warn(bare_trait_objects)]` on by default
[INFO] [stdout] 
[INFO] [stdout] 
[INFO] [stdout] error: aborting due to 8 previous errors; 3 warnings emitted
[INFO] [stdout] 
[INFO] [stdout] 
[INFO] [stdout] Some errors have detailed explanations: E0404, E0407, E0432.
[INFO] [stdout] 
[INFO] [stdout] For more information about an error, try `rustc --explain E0404`.
[INFO] [stdout] 
[INFO] [stdout] error: aborting due to 8 previous errors; 3 warnings emitted
[INFO] [stdout] 
[INFO] [stdout] 
[INFO] [stdout] Some errors have detailed explanations: E0404, E0407, E0432.
[INFO] [stdout] 
[INFO] [stdout] For more information about an error, try `rustc --explain E0404`.
[INFO] [stdout] 
[INFO] [stderr] error: could not compile `NoiseRay`.
[INFO] [stderr] 
[INFO] [stderr] To learn more, run the command again with --verbose.
[INFO] [stderr] warning: build failed, waiting for other jobs to finish...
[INFO] [stderr] error: build failed
[INFO] running `Command { std: "docker" "inspect" "2fa4ca9418866de7b7835821d34a996dc38b89ecd088fa7e09193ea1f1ea8062", kill_on_drop: false }`
[INFO] running `Command { std: "docker" "rm" "-f" "2fa4ca9418866de7b7835821d34a996dc38b89ecd088fa7e09193ea1f1ea8062", kill_on_drop: false }`
[INFO] [stdout] 2fa4ca9418866de7b7835821d34a996dc38b89ecd088fa7e09193ea1f1ea8062
